) - 4*w(l). List the prime factors of v(h).
13
Suppose -3*q + q + 2*l + 84 = 0, -2*l - 42 = -q. List the prime factors of q.
2, 3, 7
Suppose s = 2*k + 34, -5*s + 112 = -5*k - 73. List the prime factors of s.
2, 5
Let i = 0 + 2. Suppose -i*c = -c - 35. List the prime factors of c.
5, 7
Suppose -5*o = 5*d + 160, 0 = -3*o + d - 2*d - 92. Let a = -120 - -76. Let m = o - a. List the prime factors of m.
2, 7
Suppose -k + 4 = -0*k, 4*k - 176 = -4*g. What are the prime factors of g?
2, 5
Suppose 0*b = 2*b + 3*j - 25, 0 = 4*b - 3*j - 5. Suppose -b*c + 233 = 18. List the prime factors of c.
43
Suppose -t = -3*t + 88. List the prime factors of t.
2, 11
Let o(t) = -t**2 + 11*t - 7. Let n be o(9). Suppose -2*s + 3*w + 29 = 4*w, 4*w - n = -s. List the prime factors of s.
3, 5
Let p be 2/(-7) + (-515)/35. List the prime factors of -4*3/30*p.
2, 3
Let h be (-4)/3*(-18)/(-4). Let k(z) be the first derivative of -z**2 - z + 1. What are the prime factors of k(h)?
11
Let s be (-660)/18 + 1/(-3). Let f = s + 62. What are the prime factors of f?
5
Suppose -2 = -3*l - 17. Let d be 29/l + 3/(-15). What are the prime factors of d/9*(0 + -24)?
2
Suppose 7*y + 27 = 10*y. Let x = -21 - -37. Let s = x - y. What are the prime factors of s?
7
Suppose 1 = t - 2. Suppose 4*n - t - 5 = 0. What are the prime factors of n?
2
List the prime factors of (3/(-18)*-3)/((-8)/(-656)).
41
Let j(n) = -2*n**3 - 2*n**2 - 2*n + 2. Let k be j(-3). Suppose -5*d + 0*l + 55 = l, -k = -4*d + l. List the prime factors of d.
11
Suppose -3*j = -136 - 56. What are the prime factors of j?
2
Let v be (3 + (-6 - -3))/(-2). Suppose v = -2*y + 11 + 11. List the prime factors of y.
11
Suppose -7*v + 810 = -800. What are the prime factors of v?
2, 5, 23
Suppose 20 = -4*m, 3*m = -2*d + 8*m + 273. What are the prime factors of d?
2, 31
Let s(c) = c**2 + c + 9. Let v be s(0). Let d(t) = -3*t + 13. Let z be d(v). List the prime factors of 8/12 - z/6.
3
Let o = 8 - 9. Let r = 21 + o. What are the prime factors of r?
2, 5
Suppose 0 = -2*m - 0*m + 8. Suppose -m*l + 10 = l. Suppose -26 + 4 = -l*v. What are the prime factors of v?
11
Let k(j) = -10*j + 5. What are the prime factors of k(-4)?
3, 5
Let m = 7 + -12. Let q be (-126)/(-15) + 2/m. List the prime factors of 426/21 + q/(-28).
2, 5
Let h(i) = -i**3 - 8*i**2 + 9*i + 12. What are the prime factors of h(-9)?
2, 3
Let p = 38 + -21. What are the prime factors of p?
17
Let v(t) = 2*t**2 + t + 256. Let d be v(0). Suppose -5*x + d = 51. List the prime factors of x.
41
Let r = 0 - -22. What are the prime factors of r?
2, 11
Let q = 24 - 14. Let d(z) = -10*z + 5*z**2 + 13 - 6*z**2 - 2*z**2 + 4*z**2. List the prime factors of d(q).
13
Let k be ((-2 - -3)*-1)/(-1). Suppose 0 = -l + 2*p - k, -5*l + 39 = -0*p + p. What are the prime factors of l?
7
Suppose i = 6*i - 15. Suppose 8 = -2*n, 0*n = -i*w + 2*n + 53. Let x = -10 + w. What are the prime factors of x?
5
Let n(z) = 2*z + 6. Suppose 0 = -0*l - 2*l + 20. What are the prime factors of n(l)?
2, 13
List the prime factors of 38 - (-2 - -1)*1.
3, 13
Suppose -40 = -3*x + j, -3*x - 5*j + 47 = x. List the prime factors of x.
13
Let u(n) be the third derivative of n**4/24 + 2*n**3 + 2*n**2. Let k be u(-8). Suppose -4 = -2*v + k. What are the prime factors of v?
2
Let v(c) = 6 - c - 3*c + 3*c. Let n be v(5). What are the prime factors of (-3)/n + 42/2?
2, 3
Suppose -3*a + 0*a = -90. What are the prime factors of a?
2, 3, 5
Suppose -j + 95 = -0*j. Let m = j - 50. Suppose 0 = -z - 2*z + m. List the prime factors of z.
3, 5
Let i(f) = 10*f**2 + 2*f + 1. Let r be i(-1). Let g be (r/2)/(3/4). Suppose 3*x = g*x - 54. What are the prime factors of x?
2, 3
Suppose -267 = -l + 3*k, 0*k = -2*k - 10. List the prime factors of l.
2, 3, 7
Let z(d) = -3*d**3 - d**2 + 4*d + 3. Suppose 5*s - j + 6 = 0, -j + 5 = 3*s + 15. What are the prime factors of z(s)?
3, 5
Let v(g) = -3*g - 4. Let h be v(6). Let y = -12 - h. What are the prime factors of y?
2, 5
Let o = -19 - -29. Suppose 0*u = -5*u + o. Let a = 4 - u. What are the prime factors of a?
2
Suppose c - 3*m + 9 = 5*c, 0 = 5*c - 2*m + 6. Let y = 2 + c. List the prime factors of y.
2
Let g(f) = f**2 - f - 4. Let o be g(0). Let n(u) = -u**2. Let j(k) = 3*k**2 - 2*k - 1. Let b(v) = -j(v) - 4*n(v). What are the prime factors of b(o)?
3
Let q(j) = 2*j**2 - 4*j + 4. Suppose 0 = -2*p - 2*w + 4, -4*p + 3*p + 4*w - 23 = 0. Let v be (p/(-9))/((-3)/(-27)). List the prime factors of q(v).
2, 5
Let q be (-15)/(-2)*(-8)/(-6). Let m = q + -6. List the prime factors of m.
2
Let s(g) = 29*g**3 - g**2 - 2*g - 1. Let c be s(-1). Let k = c + 77. List the prime factors of k.
2, 3
Suppose 0 = 5*x - 2*m - 160, -x + 2*x + 5*m - 32 = 0. Let t = -4 - -7. Suppose 4 + x = t*z. List the prime factors of z.
2, 3
Let w = 15 - 0. List the prime factors of 18/w*(-5)/(-2).
3
Suppose 5*j - 3*m = -5*m - 2, -4*j + 4 = -4*m. List the prime factors of 10 - 6 - j/(-1).
2
Suppose 3*d - 4*i = 30, -5*d + 4 + 46 = i. List the prime factors of d.
2, 5
Let o(q) = -2*q**2 + 5*q. Let i(x) = 3*x**2 - 11*x. Let t = -11 + 2. Let c(l) = t*o(l) - 4*i(l). What are the prime factors of c(1)?
5
Let k(n) = 2*n + 1. Let p be (-4 - -5)/((-1)/4). Let a = 6 + p. List the prime factors of k(a).
5
Let v(b) = -b**3 - 3*b**2 + 13*b + 12. Let h be v(-5). Suppose 4*d + 5*k - 14 = 0, 10*d - k = 5*d + 3. Let o = d - h. List the prime factors of o.
2
Suppose 16 = 4*n - 2*t - 56, 5*n - 89 = 2*t. List the prime factors of n.
17
List the prime factors of (-3)/(-18) - 3479/(-42).
83
Suppose x + 2*x + 3*u = 159, -2*u + 8 = 0. What are the prime factors of x?
7
Suppose 1 = 2*g - 2*a + a, 13 = -4*g + 5*a. Suppose 36 = 3*x - 4*d - 7, 73 = g*x + 2*d. What are the prime factors of x?
3, 7
Let m = -5 + 12. Suppose 5*y - 2*q + 35 = 3*q, 0 = 4*y - q + 16. List the prime factors of m + (2 - (4 + y)).
2
Let k be 4/8 + (-66)/(-12). Suppose -r + 587 = -4*v - 0*v, 0 = -3*v + 2*r - 439. What are the prime factors of v/(-9) + k/9?
17
Let i be (6*2)/(9/(-6)). Let a be (-1)/4 - 10/i. Suppose -b + a = -8. What are the prime factors of b?
3
Let b(n) = -2*n - 9. Let x be b(-6). Let l(g) = x - 3*g - g + 3*g. List the prime factors of l(-4).
7
List the prime factors of 3/9 - 40/(-6).
7
Let g = 13 - 8. What are the prime factors of (6/5)/(2/g)?
3
Suppose 0 = 2*w - 2*a - 26, 22 = w + 6*a - 4*a. What are the prime factors of w?
2
Let t = 25 - -26. List the prime factors of t.
3, 17
Suppose 8*a - 13*a + 100 = 0. Let f be ((-2)/3)/((-2)/12). Suppose 0 = 2*n + 3*h - a, -27 = -n - f*n + 4*h. List the prime factors of n.
7
Let i = 631 + -442. What are the prime factors of i?
3, 7
Let a(s) = -s**2 - 10*s - 13. Let m be a(-9). Let n = 7 + m. What are the prime factors of n?
3
Let x(r) = r**2 - 6*r + 5. Let s be x(5). Suppose -l = 2*f - f - 28, s = -2*f + 4*l + 50. What are the prime factors of f?
3
Suppose 3*h = -h - 12. Let f be (-1)/h + (-2)/6. What are the prime factors of f - 0 - -2 - -7?
3
Suppose 4*g - 5*y - 4 - 3 = 0, -5*g + 3*y = -25. Suppose a + 99 = 4*b, 132 = 5*b - 5*a + a. Suppose -4*s - b = -g*s. List the prime factors of s.
2, 3
Suppose 156 = 5*a - 69. Suppose 0 = -4*x - 9 + a. What are the prime factors of x?
3
Suppose -4*x = 2*u + 8, 8*u - x = 3*u + 2. Suppose 15 = -k + 3*i, u = -0*k + 2*k - i + 15. Let t(o) = -o**2 - 8*o - 2. What are the prime factors of t(k)?
2, 5
Let p(t) = 6*t + 19 - 10 - 6. List the prime factors of p(6).
3, 13
Let c = 6 + -4. Suppose 0*i = -c*i. Suppose 3*k = -2*d + 14, 4*k + 4*d = -i*k + 24. What are the prime factors of k?
2
Let v = 2 - -2. Suppose -2*h + 19 = -3*x, 0*h + 2*x + v = -3*h. List the prime factors of (-5)/(3/h + -2).
2, 5
Suppose 0 = o - 3*u + 16, -3*o + 8 = 5*u - 14. Let h be (-4)/2*(0 - o). What are the prime factors of 1/(3/h + 2)?
2
Suppose 0*a - 5*a = -165. What are the prime factors of a?
3, 11
Let g = 9 + 2. Suppose 4*r + 24 = 4*z, 0 = 5*z + 4*r - 10 - g. Suppose -24 = z*n - 69. List the prime factors of n.
3
Let z be 26/12 + (-1)/6. Let k be (z + 3 + -5)/2. Suppose 3*v - 25 - 2 = k. What are the prime factors of v?
3
Let x(q) be the third derivative of q**4/12 + q**3/6 - 3*q**2. What are the prime factors of x(5)?
11
Suppose -15 = -2*u - 5*h, -4*u + 0*h - 2*h = -70. Suppose 4*v = -2*a - u, -19 = 4*a - 0*v + v. What are the prime f